{"id":187,"date":"2025-05-07T21:35:45","date_gmt":"2025-05-07T19:35:45","guid":{"rendered":"https:\/\/www.malakoff2026.fr\/?page_id=187"},"modified":"2025-05-08T12:50:11","modified_gmt":"2025-05-08T10:50:11","slug":"187-2","status":"publish","type":"page","link":"https:\/\/www.malakoff2026.fr\/index.php\/187-2\/","title":{"rendered":"Mentions l\u00e9gales"},"content":{"rendered":"<p>[et_pb_section fb_built=\u00a0\u00bb1&Prime; custom_padding_last_edited=\u00a0\u00bboff|phone\u00a0\u00bb admin_label=\u00a0\u00bbHeader\u00a0\u00bb _builder_version=\u00a0\u00bb4.27.4&Prime; custom_padding=\u00a0\u00bb0px||0px||false|false\u00a0\u00bb custom_padding_tablet=\u00a0\u00bb||0px||false|false\u00a0\u00bb locked=\u00a0\u00bboff\u00a0\u00bb global_colors_info=\u00a0\u00bb{}\u00a0\u00bb][et_pb_row make_equal=\u00a0\u00bbon\u00a0\u00bb custom_padding_last_edited=\u00a0\u00bboff|desktop\u00a0\u00bb _builder_version=\u00a0\u00bb4.16&Prime; max_width=\u00a0\u00bbnone\u00a0\u00bb custom_padding=\u00a0\u00bb0px||0px||false|false\u00a0\u00bb custom_padding_tablet=\u00a0\u00bb||0px||false|false\u00a0\u00bb box_shadow_style=\u00a0\u00bbpreset4&Prime; box_shadow_horizontal=\u00a0\u00bb30vw\u00a0\u00bb box_shadow_vertical=\u00a0\u00bb0px\u00a0\u00bb box_shadow_color=\u00a0\u00bb#c5e0dc\u00a0\u00bb locked=\u00a0\u00bboff\u00a0\u00bb global_colors_info=\u00a0\u00bb{}\u00a0\u00bb][et_pb_column type=\u00a0\u00bb4_4&Prime; _builder_version=\u00a0\u00bb4.16&Prime; custom_padding=\u00a0\u00bb120px|80px|60px||false|false\u00a0\u00bb custom_padding_tablet=\u00a0\u00bb|40px|||false|false\u00a0\u00bb custom_padding_phone=\u00a0\u00bb|20px|||false|false\u00a0\u00bb custom_padding_last_edited=\u00a0\u00bbon|phone\u00a0\u00bb global_colors_info=\u00a0\u00bb{}\u00a0\u00bb][et_pb_text _builder_version=\u00a0\u00bb4.27.4&Prime; header_font=\u00a0\u00bbMontserrat|700|||||||\u00a0\u00bb header_text_color=\u00a0\u00bb#000000&Prime; header_font_size=\u00a0\u00bb10vw\u00a0\u00bb header_font_size_tablet=\u00a0\u00bb80px\u00a0\u00bb header_font_size_phone=\u00a0\u00bb42px\u00a0\u00bb header_font_size_last_edited=\u00a0\u00bbon|tablet\u00a0\u00bb locked=\u00a0\u00bboff\u00a0\u00bb global_colors_info=\u00a0\u00bb{}\u00a0\u00bb]<\/p>\n<h1>Mentions L\u00e9gales<\/h1>\n<p>[\/et_pb_text][et_pb_text _builder_version=\u00a0\u00bb4.27.4&Prime; text_font=\u00a0\u00bbCardo|700|||||||\u00a0\u00bb text_text_color=\u00a0\u00bbrgba(0,0,0,0.03)\u00a0\u00bb text_font_size=\u00a0\u00bb150px\u00a0\u00bb text_line_height=\u00a0\u00bb1em\u00a0\u00bb custom_margin=\u00a0\u00bb-0.8em|||-0.8em|false|false\u00a0\u00bb custom_margin_tablet=\u00a0\u00bb-100px||||false|false\u00a0\u00bb custom_margin_phone=\u00a0\u00bb-80px|||-60px|false|false\u00a0\u00bb custom_margin_last_edited=\u00a0\u00bbon|desktop\u00a0\u00bb text_font_size_tablet=\u00a0\u00bb100px\u00a0\u00bb text_font_size_phone=\u00a0\u00bb60px\u00a0\u00bb text_font_size_last_edited=\u00a0\u00bbon|desktop\u00a0\u00bb locked=\u00a0\u00bboff\u00a0\u00bb global_colors_info=\u00a0\u00bb{}\u00a0\u00bb]<\/p>\n<p>Mentions<\/p>\n<p>[\/et_pb_text][\/et_pb_column][\/et_pb_row][\/et_pb_section][et_pb_section fb_built=\u00a0\u00bb1&Prime; _builder_version=\u00a0\u00bb4.27.4&Prime; _module_preset=\u00a0\u00bbdefault\u00a0\u00bb global_colors_info=\u00a0\u00bb{}\u00a0\u00bb][et_pb_row column_structure=\u00a0\u00bb1_3,1_3,1_3&Prime; _builder_version=\u00a0\u00bb4.27.4&Prime; _module_preset=\u00a0\u00bbdefault\u00a0\u00bb global_colors_info=\u00a0\u00bb{}\u00a0\u00bb][et_pb_column type=\u00a0\u00bb1_3&Prime; _builder_version=\u00a0\u00bb4.27.4&Prime; _module_preset=\u00a0\u00bbdefault\u00a0\u00bb global_colors_info=\u00a0\u00bb{}\u00a0\u00bb][et_pb_text _builder_version=\u00a0\u00bb4.27.4&Prime; _module_preset=\u00a0\u00bbdefault\u00a0\u00bb global_colors_info=\u00a0\u00bb{}\u00a0\u00bb]<\/p>\n<h3 data-start=\"258\" data-end=\"281\"><strong data-start=\"262\" data-end=\"281\">\u00c9diteur du site<\/strong><\/h3>\n<p data-start=\"283\" data-end=\"638\">Le pr\u00e9sent site est \u00e9dit\u00e9 par :<br data-start=\"314\" data-end=\"317\" \/><strong data-start=\"317\" data-end=\"345\">Les \u00e9cologistes Malakoff<\/strong>, association repr\u00e9sent\u00e9e par <strong data-start=\"375\" data-end=\"393\">Rod\u00e9ric Aarsse<\/strong><br data-start=\"393\" data-end=\"396\" \/>Adresse : 35 avenue Pierre Larousse 92240 Malakoff\u00a0<br data-start=\"468\" data-end=\"471\" \/>Contact : Roderic@Aarsse.com<br data-start=\"533\" data-end=\"536\" \/>Le directeur de la publication est <strong data-start=\"571\" data-end=\"589\">Rod\u00e9ric Aarsse<\/strong>, en sa qualit\u00e9 de repr\u00e9sentant de l\u2019association.<\/p>\n<p>[\/et_pb_text][et_pb_text _builder_version=\u00a0\u00bb4.27.4&Prime; _module_preset=\u00a0\u00bbdefault\u00a0\u00bb global_colors_info=\u00a0\u00bb{}\u00a0\u00bb]<\/p>\n<h3 data-start=\"1256\" data-end=\"1296\"><strong data-start=\"1260\" data-end=\"1296\">Collecte de donn\u00e9es personnelles<\/strong><\/h3>\n<p data-start=\"1298\" data-end=\"1512\">Des donn\u00e9es personnelles peuvent \u00eatre collect\u00e9es sur ce site, notamment via le formulaire d\u2019inscription \u00e0 la <strong data-start=\"1407\" data-end=\"1421\">newsletter<\/strong>. Ces donn\u00e9es sont utilis\u00e9es exclusivement \u00e0 cette fin et ne sont pas c\u00e9d\u00e9es \u00e0 des tiers.<\/p>\n<p data-start=\"1514\" data-end=\"1788\">Conform\u00e9ment au <strong data-start=\"1530\" data-end=\"1588\">R\u00e8glement G\u00e9n\u00e9ral sur la Protection des Donn\u00e9es (RGPD)<\/strong>, vous disposez d\u2019un droit d\u2019acc\u00e8s, de rectification, d\u2019opposition et de suppression de vos donn\u00e9es. Pour exercer vos droits, vous pouvez contacter : [adresse email de contact pour les demandes RGPD].<\/p>\n<p>[\/et_pb_text][\/et_pb_column][et_pb_column type=\u00a0\u00bb1_3&Prime; _builder_version=\u00a0\u00bb4.27.4&Prime; _module_preset=\u00a0\u00bbdefault\u00a0\u00bb global_colors_info=\u00a0\u00bb{}\u00a0\u00bb][et_pb_text _builder_version=\u00a0\u00bb4.27.4&Prime; _module_preset=\u00a0\u00bbdefault\u00a0\u00bb custom_padding=\u00a0\u00bb85px|||||\u00a0\u00bb global_colors_info=\u00a0\u00bb{}\u00a0\u00bb]<\/p>\n<h3 data-start=\"640\" data-end=\"659\"><strong data-start=\"644\" data-end=\"659\">H\u00e9bergement<\/strong><\/h3>\n<p data-start=\"661\" data-end=\"807\">Le site est h\u00e9berg\u00e9 par :<br data-start=\"686\" data-end=\"689\" \/><strong data-start=\"689\" data-end=\"696\">OVH<\/strong><br data-start=\"696\" data-end=\"699\" \/>2 rue Kellermann \u2013 59100 Roubaix \u2013 France<br data-start=\"740\" data-end=\"743\" \/>T\u00e9l\u00e9phone : 1007 (num\u00e9ro gratuit depuis un poste fixe en France)<\/p>\n<h3 data-start=\"809\" data-end=\"841\"><\/h3>\n<p>[\/et_pb_text][\/et_pb_column][et_pb_column type=\u00a0\u00bb1_3&Prime; _builder_version=\u00a0\u00bb4.27.4&Prime; _module_preset=\u00a0\u00bbdefault\u00a0\u00bb global_colors_info=\u00a0\u00bb{}\u00a0\u00bb][et_pb_text _builder_version=\u00a0\u00bb4.27.4&Prime; _module_preset=\u00a0\u00bbdefault\u00a0\u00bb global_colors_info=\u00a0\u00bb{}\u00a0\u00bb]<\/p>\n<h3 data-start=\"809\" data-end=\"841\"><strong data-start=\"813\" data-end=\"841\">Propri\u00e9t\u00e9 intellectuelle<\/strong><\/h3>\n<p data-start=\"843\" data-end=\"1254\">L\u2019ensemble des contenus (textes, images, graphismes, logos, vid\u00e9os, etc.) pr\u00e9sents sur ce site sont la propri\u00e9t\u00e9 de l&rsquo;association Les \u00e9cologistes Malakoff, sauf mentions contraires. Toute reproduction, repr\u00e9sentation, modification, publication ou adaptation, totale ou partielle, de ces \u00e9l\u00e9ments, quel que soit le moyen ou le proc\u00e9d\u00e9 utilis\u00e9, est interdite sans l\u2019autorisation \u00e9crite pr\u00e9alable de l\u2019association.<\/p>\n<p>[\/et_pb_text][et_pb_text _builder_version=\u00a0\u00bb4.27.4&Prime; _module_preset=\u00a0\u00bbdefault\u00a0\u00bb global_colors_info=\u00a0\u00bb{}\u00a0\u00bb]<\/p>\n<h3 data-start=\"2083\" data-end=\"2105\"><strong data-start=\"2087\" data-end=\"2105\">Responsabilit\u00e9<\/strong><\/h3>\n<p data-start=\"2107\" data-end=\"2385\">L&rsquo;association Les \u00e9cologistes Malakoff s\u2019efforce de fournir des informations aussi pr\u00e9cises que possible. Toutefois, elle ne saurait \u00eatre tenue responsable des omissions, inexactitudes ou carences dans la mise \u00e0 jour, qu\u2019elles soient de son fait ou du fait de tiers partenaires.<\/p>\n<p>[\/et_pb_text][\/et_pb_column][\/et_pb_row][\/et_pb_section]<\/p>\n","protected":false},"excerpt":{"rendered":"<p>Mentions L\u00e9galesMentions\u00c9diteur du site Le pr\u00e9sent site est \u00e9dit\u00e9 par :Les \u00e9cologistes Malakoff, association repr\u00e9sent\u00e9e par Rod\u00e9ric AarsseAdresse : 35 avenue Pierre Larousse 92240 Malakoff\u00a0Contact : Roderic@Aarsse.comLe directeur de la publication est Rod\u00e9ric Aarsse, en sa qualit\u00e9 de repr\u00e9sentant de l\u2019association.Collecte de donn\u00e9es personnelles Des donn\u00e9es personnelles peuvent \u00eatre collect\u00e9es sur ce site, notamment via [&hellip;]<\/p>\n","protected":false},"author":2,"featured_media":0,"parent":0,"menu_order":0,"comment_status":"closed","ping_status":"closed","template":"","meta":{"_et_pb_use_builder":"on","_et_pb_old_content":"","_et_gb_content_width":"","footnotes":""},"class_list":["post-187","page","type-page","status-publish","hentry"],"_links":{"self":[{"href":"https:\/\/www.malakoff2026.fr\/index.php\/wp-json\/wp\/v2\/pages\/187","targetHints":{"allow":["GET"]}}],"collection":[{"href":"https:\/\/www.malakoff2026.fr\/index.php\/wp-json\/wp\/v2\/pages"}],"about":[{"href":"https:\/\/www.malakoff2026.fr\/index.php\/wp-json\/wp\/v2\/types\/page"}],"author":[{"embeddable":true,"href":"https:\/\/www.malakoff2026.fr\/index.php\/wp-json\/wp\/v2\/users\/2"}],"replies":[{"embeddable":true,"href":"https:\/\/www.malakoff2026.fr\/index.php\/wp-json\/wp\/v2\/comments?post=187"}],"version-history":[{"count":4,"href":"https:\/\/www.malakoff2026.fr\/index.php\/wp-json\/wp\/v2\/pages\/187\/revisions"}],"predecessor-version":[{"id":197,"href":"https:\/\/www.malakoff2026.fr\/index.php\/wp-json\/wp\/v2\/pages\/187\/revisions\/197"}],"wp:attachment":[{"href":"https:\/\/www.malakoff2026.fr\/index.php\/wp-json\/wp\/v2\/media?parent=187"}],"curies":[{"name":"wp","href":"https:\/\/api.w.org\/{rel}","templated":true}]}}

Mentions légales

<p>[et_pb_section fb_built= »1&Prime; custom_padding_last_edited= »off|phone » admin_label= »Header » _builder_version= »4.27.4&Prime; custom_padding= »0px||0px||false|false » custom_padding_tablet= »||0px||false|false » locked= »off » global_colors_info= »{} »][et_pb_row make_equal= »on » custom_padding_last_edited= »off|desktop » _builder_version= »4.16&Prime; max_width= »none » custom_padding= »0px||0px||false|false » custom_padding_tablet= »||0px||false|false » box_shadow_style= »preset4&Prime; box_shadow_horizontal= »30vw » box_shadow_vertical= »0px » box_shadow_color= »#c5e0dc » locked= »off » global_colors_info= »{} »][et_pb_column type= »4_4&Prime; _builder_version= »4.16&Prime; custom_padding= »120px|80px|60px||false|false » custom_padding_tablet= »|40px|||false|false » custom_padding_phone= »|20px|||false|false » custom_padding_last_edited= »on|phone » global_colors_info= »{} »][et_pb_text _builder_version= »4.27.4&Prime; header_font= »Montserrat|700||||||| » header_text_color= »#000000&Prime; header_font_size= »10vw » header_font_size_tablet= »80px » header_font_size_phone= »42px » header_font_size_last_edited= »on|tablet » locked= »off » global_colors_info= »{} »]</p>
<h1>Mentions Légales</h1>
<p>[/et_pb_text][et_pb_text _builder_version= »4.27.4&Prime; text_font= »Cardo|700||||||| » text_text_color= »rgba(0,0,0,0.03) » text_font_size= »150px » text_line_height= »1em » custom_margin= »-0.8em|||-0.8em|false|false » custom_margin_tablet= »-100px||||false|false » custom_margin_phone= »-80px|||-60px|false|false » custom_margin_last_edited= »on|desktop » text_font_size_tablet= »100px » text_font_size_phone= »60px » text_font_size_last_edited= »on|desktop » locked= »off » global_colors_info= »{} »]</p>
<p>Mentions</p>
<p>[/et_pb_text][/et_pb_column][/et_pb_row][/et_pb_section][et_pb_section fb_built= »1&Prime; _builder_version= »4.27.4&Prime; _module_preset= »default » global_colors_info= »{} »][et_pb_row column_structure= »1_3,1_3,1_3&Prime; _builder_version= »4.27.4&Prime; _module_preset= »default » global_colors_info= »{} »][et_pb_column type= »1_3&Prime; _builder_version= »4.27.4&Prime; _module_preset= »default » global_colors_info= »{} »][et_pb_text _builder_version= »4.27.4&Prime; _module_preset= »default » global_colors_info= »{} »]</p>
<h3 data-start="258" data-end="281"><strong data-start="262" data-end="281">Éditeur du site</strong></h3>
<p data-start="283" data-end="638">Le présent site est édité par :<br data-start="314" data-end="317" /><strong data-start="317" data-end="345">Les écologistes Malakoff</strong>, association représentée par <strong data-start="375" data-end="393">Rodéric Aarsse</strong><br data-start="393" data-end="396" />Adresse : 35 avenue Pierre Larousse 92240 Malakoff <br data-start="468" data-end="471" />Contact : Roderic@Aarsse.com<br data-start="533" data-end="536" />Le directeur de la publication est <strong data-start="571" data-end="589">Rodéric Aarsse</strong>, en sa qualité de représentant de l’association.</p>
<p>[/et_pb_text][et_pb_text _builder_version= »4.27.4&Prime; _module_preset= »default » global_colors_info= »{} »]</p>
<h3 data-start="1256" data-end="1296"><strong data-start="1260" data-end="1296">Collecte de données personnelles</strong></h3>
<p data-start="1298" data-end="1512">Des données personnelles peuvent être collectées sur ce site, notamment via le formulaire d’inscription à la <strong data-start="1407" data-end="1421">newsletter</strong>. Ces données sont utilisées exclusivement à cette fin et ne sont pas cédées à des tiers.</p>
<p data-start="1514" data-end="1788">Conformément au <strong data-start="1530" data-end="1588">Règlement Général sur la Protection des Données (RGPD)</strong>, vous disposez d’un droit d’accès, de rectification, d’opposition et de suppression de vos données. Pour exercer vos droits, vous pouvez contacter : [adresse email de contact pour les demandes RGPD].</p>
<p>[/et_pb_text][/et_pb_column][et_pb_column type= »1_3&Prime; _builder_version= »4.27.4&Prime; _module_preset= »default » global_colors_info= »{} »][et_pb_text _builder_version= »4.27.4&Prime; _module_preset= »default » custom_padding= »85px||||| » global_colors_info= »{} »]</p>
<h3 data-start="640" data-end="659"><strong data-start="644" data-end="659">Hébergement</strong></h3>
<p data-start="661" data-end="807">Le site est hébergé par :<br data-start="686" data-end="689" /><strong data-start="689" data-end="696">OVH</strong><br data-start="696" data-end="699" />2 rue Kellermann – 59100 Roubaix – France<br data-start="740" data-end="743" />Téléphone : 1007 (numéro gratuit depuis un poste fixe en France)</p>
<h3 data-start="809" data-end="841"></h3>
<p>[/et_pb_text][/et_pb_column][et_pb_column type= »1_3&Prime; _builder_version= »4.27.4&Prime; _module_preset= »default » global_colors_info= »{} »][et_pb_text _builder_version= »4.27.4&Prime; _module_preset= »default » global_colors_info= »{} »]</p>
<h3 data-start="809" data-end="841"><strong data-start="813" data-end="841">Propriété intellectuelle</strong></h3>
<p data-start="843" data-end="1254">L’ensemble des contenus (textes, images, graphismes, logos, vidéos, etc.) présents sur ce site sont la propriété de l&rsquo;association Les écologistes Malakoff, sauf mentions contraires. Toute reproduction, représentation, modification, publication ou adaptation, totale ou partielle, de ces éléments, quel que soit le moyen ou le procédé utilisé, est interdite sans l’autorisation écrite préalable de l’association.</p>
<p>[/et_pb_text][et_pb_text _builder_version= »4.27.4&Prime; _module_preset= »default » global_colors_info= »{} »]</p>
<h3 data-start="2083" data-end="2105"><strong data-start="2087" data-end="2105">Responsabilité</strong></h3>
<p data-start="2107" data-end="2385">L&rsquo;association Les écologistes Malakoff s’efforce de fournir des informations aussi précises que possible. Toutefois, elle ne saurait être tenue responsable des omissions, inexactitudes ou carences dans la mise à jour, qu’elles soient de son fait ou du fait de tiers partenaires.</p>
<p>[/et_pb_text][/et_pb_column][/et_pb_row][/et_pb_section]</p>

<p>Mentions LégalesMentionsÉditeur du site Le présent site est édité par :Les écologistes Malakoff, association représentée par Rodéric AarsseAdresse : 35 avenue Pierre Larousse 92240 Malakoff Contact : Roderic@Aarsse.comLe directeur de la publication est Rodéric Aarsse, en sa qualité de représentant de l’association.Collecte de données personnelles Des données personnelles peuvent être collectées sur ce site, notamment via [&hellip;]</p>
